{"id":48,"date":"2022-12-30T16:15:16","date_gmt":"2022-12-30T16:15:16","guid":{"rendered":"https:\/\/www.cudok.de\/index.php\/home\/"},"modified":"2022-12-30T16:59:36","modified_gmt":"2022-12-30T16:59:36","slug":"home","status":"publish","type":"page","link":"https:\/\/www.cudok.de\/","title":{"rendered":"Home"},"content":{"rendered":"\t\t<div data-elementor-type=\"wp-page\" data-elementor-id=\"48\" class=\"elementor elementor-48\" data-elementor-post-type=\"page\">\n\t\t\t\t\t\t<section class=\"elementor-section elementor-top-section elementor-element elementor-element-2f236251 elementor-section-boxed elementor-section-height-default elementor-section-height-default\" data-id=\"2f236251\" data-element_type=\"section\" data-e-type=\"section\" data-settings=\"{&quot;background_background&quot;:&quot;classic&quot;}\">\n\t\t\t\t\t\t<div class=\"elementor-container elementor-column-gap-default\">\n\t\t\t\t\t<div class=\"elementor-column elementor-col-100 elementor-top-column elementor-element elementor-element-1c35f766\" data-id=\"1c35f766\" data-element_type=\"column\" data-e-type=\"column\">\n\t\t\t<div class=\"elementor-widget-wrap elementor-element-populated\">\n\t\t\t\t\t\t<div class=\"elementor-element elementor-element-2aec3453 elementor-widget elementor-widget-heading\" data-id=\"2aec3453\" data-element_type=\"widget\" data-e-type=\"widget\" data-widget_type=\"heading.default\">\n\t\t\t\t<div class=\"elementor-widget-container\">\n\t\t\t\t\t<h2 class=\"elementor-heading-title elementor-size-default\">Landingpage der HTJ UG<\/h2>\t\t\t\t<\/div>\n\t\t\t\t<\/div>\n\t\t\t\t<div class=\"elementor-element elementor-element-1aacba25 elementor-widget elementor-widget-heading\" data-id=\"1aacba25\" data-element_type=\"widget\" data-e-type=\"widget\" data-widget_type=\"heading.default\">\n\t\t\t\t<div class=\"elementor-widget-container\">\n\t\t\t\t\t<h1 class=\"elementor-heading-title elementor-size-default\">Eine Familie - viele Dienstleistungen und Services professionell vereint<\/h1>\t\t\t\t<\/div>\n\t\t\t\t<\/div>\n\t\t\t\t<div class=\"elementor-element elementor-element-54d257e elementor-align-center elementor-widget elementor-widget-button\" data-id=\"54d257e\" data-element_type=\"widget\" data-e-type=\"widget\" data-widget_type=\"button.default\">\n\t\t\t\t<div class=\"elementor-widget-container\">\n\t\t\t\t\t\t\t\t\t<div class=\"elementor-button-wrapper\">\n\t\t\t\t\t<a class=\"elementor-button elementor-button-link elementor-size-sm elementor-animation-shrink\" href=\"#auswahl\">\n\t\t\t\t\t\t<span class=\"elementor-button-content-wrapper\">\n\t\t\t\t\t\t\t\t\t<span class=\"elementor-button-text\">Wo soll's hin gehen?<\/span>\n\t\t\t\t\t<\/span>\n\t\t\t\t\t<\/a>\n\t\t\t\t<\/div>\n\t\t\t\t\t\t\t\t<\/div>\n\t\t\t\t<\/div>\n\t\t\t\t\t<\/div>\n\t\t<\/div>\n\t\t\t\t\t<\/div>\n\t\t<\/section>\n\t\t\t\t<section class=\"elementor-section elementor-top-section elementor-element elementor-element-6cafc66e elementor-section-full_width elementor-section-height-default elementor-section-height-default\" data-id=\"6cafc66e\" data-element_type=\"section\" data-e-type=\"section\">\n\t\t\t\t\t\t<div class=\"elementor-container elementor-column-gap-no\">\n\t\t\t\t\t<div class=\"elementor-column elementor-col-100 elementor-top-column elementor-element elementor-element-725cfd1d\" data-id=\"725cfd1d\" data-element_type=\"column\" data-e-type=\"column\">\n\t\t\t<div class=\"elementor-widget-wrap elementor-element-populated\">\n\t\t\t\t\t\t<div class=\"elementor-element elementor-element-4d98089 elementor-widget elementor-widget-image\" data-id=\"4d98089\" data-element_type=\"widget\" data-e-type=\"widget\" data-widget_type=\"image.default\">\n\t\t\t\t<div class=\"elementor-widget-container\">\n\t\t\t\t\t\t\t\t\t\t\t\t\t\t\t<img fetchpriority=\"high\" decoding=\"async\" width=\"1029\" height=\"772\" src=\"https:\/\/www.cudok.de\/wp-content\/uploads\/2022\/12\/IMG_20221027_163717.jpg\" class=\"attachment-full size-full wp-image-143\" alt=\"FRAN das Familienmitglied\" srcset=\"https:\/\/www.cudok.de\/wp-content\/uploads\/2022\/12\/IMG_20221027_163717.jpg 1029w, https:\/\/www.cudok.de\/wp-content\/uploads\/2022\/12\/IMG_20221027_163717-300x225.jpg 300w, https:\/\/www.cudok.de\/wp-content\/uploads\/2022\/12\/IMG_20221027_163717-1024x768.jpg 1024w, https:\/\/www.cudok.de\/wp-content\/uploads\/2022\/12\/IMG_20221027_163717-768x576.jpg 768w\" sizes=\"(max-width: 1029px) 100vw, 1029px\" \/>\t\t\t\t\t\t\t\t\t\t\t\t\t\t\t<\/div>\n\t\t\t\t<\/div>\n\t\t\t\t\t<\/div>\n\t\t<\/div>\n\t\t\t\t\t<\/div>\n\t\t<\/section>\n\t\t\t\t<section class=\"elementor-section elementor-top-section elementor-element elementor-element-698b7af elementor-section-boxed elementor-section-height-default elementor-section-height-default\" data-id=\"698b7af\" data-element_type=\"section\" data-e-type=\"section\">\n\t\t\t\t\t\t<div class=\"elementor-container elementor-column-gap-default\">\n\t\t\t\t\t<div class=\"elementor-column elementor-col-100 elementor-top-column elementor-element elementor-element-c2d9bfa\" data-id=\"c2d9bfa\" data-element_type=\"column\" data-e-type=\"column\">\n\t\t\t<div class=\"elementor-widget-wrap elementor-element-populated\">\n\t\t\t\t\t\t<div class=\"elementor-element elementor-element-38c32c8 elementor-widget elementor-widget-menu-anchor\" data-id=\"38c32c8\" data-element_type=\"widget\" data-e-type=\"widget\" data-widget_type=\"menu-anchor.default\">\n\t\t\t\t<div class=\"elementor-widget-container\">\n\t\t\t\t\t\t\t<div class=\"elementor-menu-anchor\" id=\"auswahl\"><\/div>\n\t\t\t\t\t\t<\/div>\n\t\t\t\t<\/div>\n\t\t\t\t\t<\/div>\n\t\t<\/div>\n\t\t\t\t\t<\/div>\n\t\t<\/section>\n\t\t\t\t<section class=\"elementor-section elementor-top-section elementor-element elementor-element-384b784a elementor-section-full_width elementor-section-height-default elementor-section-height-default\" data-id=\"384b784a\" data-element_type=\"section\" data-e-type=\"section\" data-settings=\"{&quot;background_background&quot;:&quot;classic&quot;}\">\n\t\t\t\t\t\t<div class=\"elementor-container elementor-column-gap-default\">\n\t\t\t\t\t<div class=\"elementor-column elementor-col-25 elementor-top-column elementor-element elementor-element-25a84d1c\" data-id=\"25a84d1c\" data-element_type=\"column\" data-e-type=\"column\">\n\t\t\t<div class=\"elementor-widget-wrap elementor-element-populated\">\n\t\t\t\t\t\t<div class=\"elementor-element elementor-element-ffeee12 elementor-widget elementor-widget-image\" data-id=\"ffeee12\" data-element_type=\"widget\" data-e-type=\"widget\" data-widget_type=\"image.default\">\n\t\t\t\t<div class=\"elementor-widget-container\">\n\t\t\t\t\t\t\t\t\t\t\t\t\t\t\t\t<a href=\"https:\/\/www.pamperedchef.eu\/pws\/tanjacudok\/tabs\/home\" target=\"_blank\">\n\t\t\t\t\t\t\t<img decoding=\"async\" width=\"300\" height=\"300\" src=\"https:\/\/www.cudok.de\/wp-content\/uploads\/2022\/12\/WhatsApp-Image-2022-05-18-at-15.41.50-300x300.jpg\" class=\"attachment-medium size-medium wp-image-117\" alt=\"Pampered Chef Tanja Cudok\" srcset=\"https:\/\/www.cudok.de\/wp-content\/uploads\/2022\/12\/WhatsApp-Image-2022-05-18-at-15.41.50-300x300.jpg 300w, https:\/\/www.cudok.de\/wp-content\/uploads\/2022\/12\/WhatsApp-Image-2022-05-18-at-15.41.50-1024x1024.jpg 1024w, https:\/\/www.cudok.de\/wp-content\/uploads\/2022\/12\/WhatsApp-Image-2022-05-18-at-15.41.50-150x150.jpg 150w, https:\/\/www.cudok.de\/wp-content\/uploads\/2022\/12\/WhatsApp-Image-2022-05-18-at-15.41.50-768x768.jpg 768w, https:\/\/www.cudok.de\/wp-content\/uploads\/2022\/12\/WhatsApp-Image-2022-05-18-at-15.41.50-1536x1536.jpg 1536w, https:\/\/www.cudok.de\/wp-content\/uploads\/2022\/12\/WhatsApp-Image-2022-05-18-at-15.41.50.jpg 2048w\" sizes=\"(max-width: 300px) 100vw, 300px\" \/>\t\t\t\t\t\t\t\t<\/a>\n\t\t\t\t\t\t\t\t\t\t\t\t\t\t\t<\/div>\n\t\t\t\t<\/div>\n\t\t\t\t<div class=\"elementor-element elementor-element-7caa432e elementor-widget elementor-widget-icon-box\" data-id=\"7caa432e\" data-element_type=\"widget\" data-e-type=\"widget\" data-widget_type=\"icon-box.default\">\n\t\t\t\t<div class=\"elementor-widget-container\">\n\t\t\t\t\t\t\t<div class=\"elementor-icon-box-wrapper\">\n\n\t\t\t\n\t\t\t\t\t\t<div class=\"elementor-icon-box-content\">\n\n\t\t\t\t\t\t\t\t\t<h3 class=\"elementor-icon-box-title\">\n\t\t\t\t\t\t<a href=\"https:\/\/www.pamperedchef.eu\/pws\/tanjacudok\/tabs\/home\" target=\"_blank\" >\n\t\t\t\t\t\t\tPampered Chef\t\t\t\t\t\t<\/a>\n\t\t\t\t\t<\/h3>\n\t\t\t\t\n\t\t\t\t\t\t\t\t\t<p class=\"elementor-icon-box-description\">\n\t\t\t\t\t\tWas gibt es Sch\u00f6neres als seine Passion und Liebe von Kochen und Backen zu teilen - mit passenden Produkten f\u00fcr perfekten Erfolg.\t\t\t\t\t<\/p>\n\t\t\t\t\n\t\t\t<\/div>\n\t\t\t\n\t\t<\/div>\n\t\t\t\t\t\t<\/div>\n\t\t\t\t<\/div>\n\t\t\t\t\t<\/div>\n\t\t<\/div>\n\t\t\t\t<div class=\"elementor-column elementor-col-25 elementor-top-column elementor-element elementor-element-2f499698\" data-id=\"2f499698\" data-element_type=\"column\" data-e-type=\"column\">\n\t\t\t<div class=\"elementor-widget-wrap elementor-element-populated\">\n\t\t\t\t\t\t<div class=\"elementor-element elementor-element-212758a elementor-widget elementor-widget-image\" data-id=\"212758a\" data-element_type=\"widget\" data-e-type=\"widget\" data-widget_type=\"image.default\">\n\t\t\t\t<div class=\"elementor-widget-container\">\n\t\t\t\t\t\t\t\t\t\t\t\t\t\t\t\t<a href=\"https:\/\/www.der-baufi-berater.de\" target=\"_blank\">\n\t\t\t\t\t\t\t<img decoding=\"async\" width=\"300\" height=\"166\" src=\"https:\/\/www.cudok.de\/wp-content\/uploads\/2022\/12\/Der-Baufi-Berater_Logo_neu-300x166.png\" class=\"attachment-medium size-medium wp-image-111\" alt=\"Der Baufi Berater\" srcset=\"https:\/\/www.cudok.de\/wp-content\/uploads\/2022\/12\/Der-Baufi-Berater_Logo_neu-300x166.png 300w, https:\/\/www.cudok.de\/wp-content\/uploads\/2022\/12\/Der-Baufi-Berater_Logo_neu-1024x567.png 1024w, https:\/\/www.cudok.de\/wp-content\/uploads\/2022\/12\/Der-Baufi-Berater_Logo_neu-768x425.png 768w, https:\/\/www.cudok.de\/wp-content\/uploads\/2022\/12\/Der-Baufi-Berater_Logo_neu.png 1526w\" sizes=\"(max-width: 300px) 100vw, 300px\" \/>\t\t\t\t\t\t\t\t<\/a>\n\t\t\t\t\t\t\t\t\t\t\t\t\t\t\t<\/div>\n\t\t\t\t<\/div>\n\t\t\t\t<div class=\"elementor-element elementor-element-863c1c6 elementor-widget elementor-widget-icon-box\" data-id=\"863c1c6\" data-element_type=\"widget\" data-e-type=\"widget\" data-widget_type=\"icon-box.default\">\n\t\t\t\t<div class=\"elementor-widget-container\">\n\t\t\t\t\t\t\t<div class=\"elementor-icon-box-wrapper\">\n\n\t\t\t\n\t\t\t\t\t\t<div class=\"elementor-icon-box-content\">\n\n\t\t\t\t\t\t\t\t\t<h3 class=\"elementor-icon-box-title\">\n\t\t\t\t\t\t<a href=\"https:\/\/www.der-baufi-berater.de\" target=\"_blank\" >\n\t\t\t\t\t\t\tDer Baufi Berater\t\t\t\t\t\t<\/a>\n\t\t\t\t\t<\/h3>\n\t\t\t\t\n\t\t\t\t\t\t\t\t\t<p class=\"elementor-icon-box-description\">\n\t\t\t\t\t\tUnser Finanzierungsteam pr\u00fcft f\u00fcr Dich die bestm\u00f6glichen Finanzierungen aus bis zu 500 Bankpartnern - mit Wohlf\u00fchlgarantie bis zum Einzug und danach.\t\t\t\t\t<\/p>\n\t\t\t\t\n\t\t\t<\/div>\n\t\t\t\n\t\t<\/div>\n\t\t\t\t\t\t<\/div>\n\t\t\t\t<\/div>\n\t\t\t\t\t<\/div>\n\t\t<\/div>\n\t\t\t\t<div class=\"elementor-column elementor-col-25 elementor-top-column elementor-element elementor-element-7cf6b9b1\" data-id=\"7cf6b9b1\" data-element_type=\"column\" data-e-type=\"column\">\n\t\t\t<div class=\"elementor-widget-wrap elementor-element-populated\">\n\t\t\t\t\t\t<div class=\"elementor-element elementor-element-54e59f7 elementor-widget elementor-widget-image\" data-id=\"54e59f7\" data-element_type=\"widget\" data-e-type=\"widget\" data-widget_type=\"image.default\">\n\t\t\t\t<div class=\"elementor-widget-container\">\n\t\t\t\t\t\t\t\t\t\t\t\t\t\t\t\t<a href=\"https:\/\/www.tanja-cudok.de\" target=\"_blank\">\n\t\t\t\t\t\t\t<img loading=\"lazy\" decoding=\"async\" width=\"300\" height=\"84\" src=\"https:\/\/www.cudok.de\/wp-content\/uploads\/2022\/12\/TanjaCudok-300x84.png\" class=\"attachment-medium size-medium wp-image-118\" alt=\"Beauty Lounge Rosengarten Tanja Cudok\" srcset=\"https:\/\/www.cudok.de\/wp-content\/uploads\/2022\/12\/TanjaCudok-300x84.png 300w, https:\/\/www.cudok.de\/wp-content\/uploads\/2022\/12\/TanjaCudok-1024x288.png 1024w, https:\/\/www.cudok.de\/wp-content\/uploads\/2022\/12\/TanjaCudok-768x216.png 768w, https:\/\/www.cudok.de\/wp-content\/uploads\/2022\/12\/TanjaCudok-1536x432.png 1536w, https:\/\/www.cudok.de\/wp-content\/uploads\/2022\/12\/TanjaCudok-2048x576.png 2048w\" sizes=\"(max-width: 300px) 100vw, 300px\" \/>\t\t\t\t\t\t\t\t<\/a>\n\t\t\t\t\t\t\t\t\t\t\t\t\t\t\t<\/div>\n\t\t\t\t<\/div>\n\t\t\t\t<div class=\"elementor-element elementor-element-38a90f93 elementor-widget elementor-widget-icon-box\" data-id=\"38a90f93\" data-element_type=\"widget\" data-e-type=\"widget\" data-widget_type=\"icon-box.default\">\n\t\t\t\t<div class=\"elementor-widget-container\">\n\t\t\t\t\t\t\t<div class=\"elementor-icon-box-wrapper\">\n\n\t\t\t\n\t\t\t\t\t\t<div class=\"elementor-icon-box-content\">\n\n\t\t\t\t\t\t\t\t\t<h3 class=\"elementor-icon-box-title\">\n\t\t\t\t\t\t<a href=\"https:\/\/www.tanja-cudok.de\" target=\"_blank\" >\n\t\t\t\t\t\t\tBeauty Lounge Rosengarten\t\t\t\t\t\t<\/a>\n\t\t\t\t\t<\/h3>\n\t\t\t\t\n\t\t\t\t\t\t\t\t\t<p class=\"elementor-icon-box-description\">\n\t\t\t\t\t\tOb kosmetische Behandlungen, Spray-Tanning, Haarentfernung oder Wimpfernlifting - hier bist Du richtig!\t\t\t\t\t<\/p>\n\t\t\t\t\n\t\t\t<\/div>\n\t\t\t\n\t\t<\/div>\n\t\t\t\t\t\t<\/div>\n\t\t\t\t<\/div>\n\t\t\t\t\t<\/div>\n\t\t<\/div>\n\t\t\t\t<div class=\"elementor-column elementor-col-25 elementor-top-column elementor-element elementor-element-1f3e6c3d\" data-id=\"1f3e6c3d\" data-element_type=\"column\" data-e-type=\"column\">\n\t\t\t<div class=\"elementor-widget-wrap elementor-element-populated\">\n\t\t\t\t\t\t<div class=\"elementor-element elementor-element-d503046 elementor-widget elementor-widget-image\" data-id=\"d503046\" data-element_type=\"widget\" data-e-type=\"widget\" data-widget_type=\"image.default\">\n\t\t\t\t<div class=\"elementor-widget-container\">\n\t\t\t\t\t\t\t\t\t\t\t\t\t\t\t\t<a href=\"https:\/\/www.wirtschaftskanzlei-cudok.de\" target=\"_blank\">\n\t\t\t\t\t\t\t<img loading=\"lazy\" decoding=\"async\" width=\"300\" height=\"134\" src=\"https:\/\/www.cudok.de\/wp-content\/uploads\/2022\/12\/logo-300x134.png\" class=\"attachment-medium size-medium wp-image-112\" alt=\"Wirtschaftskanzlei Heiko Cudok\" srcset=\"https:\/\/www.cudok.de\/wp-content\/uploads\/2022\/12\/logo-300x134.png 300w, https:\/\/www.cudok.de\/wp-content\/uploads\/2022\/12\/logo-1024x458.png 1024w, https:\/\/www.cudok.de\/wp-content\/uploads\/2022\/12\/logo-768x344.png 768w, https:\/\/www.cudok.de\/wp-content\/uploads\/2022\/12\/logo-1536x687.png 1536w, https:\/\/www.cudok.de\/wp-content\/uploads\/2022\/12\/logo-2048x916.png 2048w\" sizes=\"(max-width: 300px) 100vw, 300px\" \/>\t\t\t\t\t\t\t\t<\/a>\n\t\t\t\t\t\t\t\t\t\t\t\t\t\t\t<\/div>\n\t\t\t\t<\/div>\n\t\t\t\t<div class=\"elementor-element elementor-element-3bbc7357 elementor-widget elementor-widget-icon-box\" data-id=\"3bbc7357\" data-element_type=\"widget\" data-e-type=\"widget\" data-widget_type=\"icon-box.default\">\n\t\t\t\t<div class=\"elementor-widget-container\">\n\t\t\t\t\t\t\t<div class=\"elementor-icon-box-wrapper\">\n\n\t\t\t\n\t\t\t\t\t\t<div class=\"elementor-icon-box-content\">\n\n\t\t\t\t\t\t\t\t\t<h3 class=\"elementor-icon-box-title\">\n\t\t\t\t\t\t<a href=\"https:\/\/www.wirtschaftskanzlei-cudok.de\" target=\"_blank\" >\n\t\t\t\t\t\t\tWirtschaftskanzlei Cudok\t\t\t\t\t\t<\/a>\n\t\t\t\t\t<\/h3>\n\t\t\t\t\n\t\t\t\t\t\t\t\t\t<p class=\"elementor-icon-box-description\">\n\t\t\t\t\t\tWir k\u00fcmmern uns professionell rund um Deine Finanzen, Versichrungen, Immobilien und Kapitalanlagen - privat und gewerblich. Und das nach aktuellen Verbraucherkriterien.\t\t\t\t\t<\/p>\n\t\t\t\t\n\t\t\t<\/div>\n\t\t\t\n\t\t<\/div>\n\t\t\t\t\t\t<\/div>\n\t\t\t\t<\/div>\n\t\t\t\t\t<\/div>\n\t\t<\/div>\n\t\t\t\t\t<\/div>\n\t\t<\/section>\n\t\t\t\t<\/div>\n\t\t","protected":false},"excerpt":{"rendered":"<p>Landingpage der HTJ UG Eine Familie &#8211; viele Dienstleistungen und Services professionell vereint Wo soll&#8217;s hin gehen? Pampered Chef Was gibt es Sch\u00f6neres als seine Passion und Liebe von Kochen und Backen zu teilen &#8211; mit passenden Produkten f\u00fcr perfekten Erfolg. Der Baufi Berater Unser Finanzierungsteam pr\u00fcft f\u00fcr Dich die bestm\u00f6glichen Finanzierungen aus bis zu [&hellip;]<\/p>\n","protected":false},"author":1,"featured_media":0,"parent":0,"menu_order":0,"comment_status":"closed","ping_status":"closed","template":"elementor_header_footer","meta":{"footnotes":""},"class_list":["post-48","page","type-page","status-publish","hentry"],"_links":{"self":[{"href":"https:\/\/www.cudok.de\/index.php\/wp-json\/wp\/v2\/pages\/48","targetHints":{"allow":["GET"]}}],"collection":[{"href":"https:\/\/www.cudok.de\/index.php\/wp-json\/wp\/v2\/pages"}],"about":[{"href":"https:\/\/www.cudok.de\/index.php\/wp-json\/wp\/v2\/types\/page"}],"author":[{"embeddable":true,"href":"https:\/\/www.cudok.de\/index.php\/wp-json\/wp\/v2\/users\/1"}],"replies":[{"embeddable":true,"href":"https:\/\/www.cudok.de\/index.php\/wp-json\/wp\/v2\/comments?post=48"}],"version-history":[{"count":75,"href":"https:\/\/www.cudok.de\/index.php\/wp-json\/wp\/v2\/pages\/48\/revisions"}],"predecessor-version":[{"id":171,"href":"https:\/\/www.cudok.de\/index.php\/wp-json\/wp\/v2\/pages\/48\/revisions\/171"}],"wp:attachment":[{"href":"https:\/\/www.cudok.de\/index.php\/wp-json\/wp\/v2\/media?parent=48"}],"curies":[{"name":"wp","href":"https:\/\/api.w.org\/{rel}","templated":true}]}}